 + 47. Is 30 a factor of f(-19)?
True
Suppose -4*f = -3*f - 1. Is (f/(-2))/(1/(-10)) a multiple of 2?
False
Let s = 531 + -376. Is 17 a factor of s?
False
Let s(n) = 80 - 4*n**2 + n + 3*n**2 - 16 - 2*n. Is 18 a factor of s(0)?
False
Let s = -21 - -30. Suppose -2*b = -s - 7. Suppose -3*l - 2*k + b = -7, 0 = -2*k - 6. Does 4 divide l?
False
Suppose 0*q - 5*q - 4*h = -5, 3*q = -5*h + 16. Is 5/(-2)*24/q a multiple of 7?
False
Let w = 7 - -15. Is w a multiple of 18?
False
Let v(h) = -h**2 - 10*h + 1. Let q be v(-10). Let c be (7 - 4) + q*-3. Suppose c = 2*n - 4, 2*b + 5*n - 93 + 19 = 0. Is 18 a factor of b?
False
Is 18 a factor of (-4740)/(-66) + (-4)/(-22)?
True
Suppose -5*c = c - 132. Is 4 a factor of c?
False
Suppose -4*r - 12 = -6*r. Suppose r*b - 8*b = -4. Is b a multiple of 2?
True
Suppose -6*q = 3 - 255. Is q a multiple of 13?
False
Let v(t) = 1 + 2 + t**2 + 3 + 11*t + 5. Is 11 a factor of v(-11)?
True
Let d = -13 - -15. Suppose -2*a + 3*q + 11 = 3*a, -3*a + 6 = -d*q. Is a a multiple of 2?
True
Let k(o) = o**3 + 3*o**2 - 2*o + 3. Let u be k(-4). Suppose -560 + 128 = -4*m. Is 11 a factor of m/5 - 2/u?
True
Let j = -6 + 39. Is j a multiple of 11?
True
Suppose f = 2*f - 46. Is f a multiple of 11?
False
Let u = -9 + 31. Let c = u + -10. Is c a multiple of 12?
True
Let v(w) = -w**3 - 12*w**2 - 3*w - 9. Is 10 a factor of v(-12)?
False
Let s(t) be the third derivative of t**6/36 - t**5/60 - t**4/24 + t**3/3 + t**2. Let c(a) be the first derivative of s(a). Does 11 divide c(-1)?
True
Let w = -75 - -109. Does 19 divide w?
False
Suppose 4*o = 6 + 10. Let z(n) = 2*n**2 - 4*n + 1. Is z(o) a multiple of 9?
False
Does 44 divide (11/3 + -1)/((-2)/(-69))?
False
Let w be (0 + -8)/(5/(-15)). Let a = -4 + w. Is a a multiple of 5?
True
Suppose 0*q + 20 = 5*q + f, 0 = -5*q + 4*f + 20. Suppose 4*a + q*u = u + 103, 126 = 5*a + u. Suppose -c = -t + 1 + a, -t = -4*c - 32. Is t a multiple of 12?
True
Let w = -6 + 11. Is 3 a factor of (w + 1)/1 + -3?
True
Suppose i + 2*i - 303 = 0. Is 15 a factor of i?
False
Suppose -f = f - 10, 0 = 5*a + f - 260. Is 11 a factor of a?
False
Let j(r) = 3*r + 6. Let z be (-6)/(-2) - (-2 + 14). Let h be j(z). Let x = -11 - h. Is 10 a factor of x?
True
Let s(w) = 7*w - 6. Let z be s(7). Let p(j) = -21*j**2 + j. Let f be p(1). Let a = f + z. Is 21 a factor of a?
False
Let t(w) = w**3 - 6*w**2 + w - 8. Let o be t(6). Let v be (2/o)/((-2)/(-12)). Is 45/v*(-4)/3 a multiple of 5?
True
Let s(w) be the third derivative of 1/8*w**4 - w**2 + 0 + 0*w - 7/6*w**3. Is 11 a factor of s(8)?
False
Suppose 0 = 6*v - 5*v + p - 10, v = -5*p + 18. Is 2 a factor of v?
True
Let y = -228 + 414. Is y a multiple of 29?
False
Let w(l) = 16*l**2 - 1. Is 15 a factor of w(-1)?
True
Let f(q) = -1 + 15*q**2 + 19*q**2 + 3*q**2. Does 18 divide f(-1)?
True
Let f = -156 - -259. Is 6 a factor of f?
False
Let f(g) = g**2 - g - 4. Let q be f(3). Suppose -2*y = 8, 5*d + 6*y - q*y - 229 = 0. Does 17 divide d?
False
Let z = -2 - -82. Let h = z + -38. Let x = -10 + h. Is x a multiple of 12?
False
Let f be 124/(-10) + 10/25. Does 6 divide (-6)/3 - (f + 1)?
False
Let g(a) = -35*a + 2. Let l(z) = -36*z + 2. Let t(r) = 5*g(r) - 6*l(r). Does 13 divide t(1)?
True
Let n = 470 - 315. Is 19 a factor of n?
False
Let v(n) = n**2 - 9*n - 18. Is 27 a factor of v(-6)?
False
Is 4 a factor of 2 - 12/7 - 187/(-7)?
False
Suppose -38*k + 34*k = -240. Does 20 divide k?
True
Let s(p) = -p**3 - p**2 + p + 1. Let a be s(-1). Suppose 3*f - 219 = -a*f - 2*r, -f + 3*r = -84. Is f a multiple of 25?
True
Suppose -75 = -6*y - 15. Is y a multiple of 5?
True
Suppose o - 108 - 27 = 0. Does 45 divide o?
True
Let y(g) = -13*g. Let l(n) = n**2 - 5*n. Let s be l(4). Is 21 a factor of y(s)?
False
Suppose -5*r - 3*x + 41 = -0*x, 3*x = r - 1. Does 5 divide r?
False
Let o = 13 + -2. Does 11 divide o?
True
Suppose 0 = 2*i + 2*i + 3*r - 30, -5*i + 3*r = -51. Suppose 4*j + i - 53 = 0. Is 1*(1 + j + -2) a multiple of 10?
True
Let o(j) be the first derivative of 7*j**3/3 + j**2/2 - j - 3. Is o(1) a multiple of 7?
True
Suppose 234 = 4*m - 2*h, -3*m + 63 = 2*h - 123. Is m a multiple of 20?
True
Suppose 4*p = -0*p + 96. Does 19 divide p?
False
Let z(a) = a**2 + a - 5. Let x be z(-4). Let l(w) = -w + 9. Let b be l(x). Suppose 0 = -s - 0*f + 4*f - 9, -3*f - 7 = -b*s. Does 11 divide s?
True
Suppose 198 = 12*m - 9*m. Does 33 divide m?
True
Let a = 103 + -43. Is 15 a factor of a?
True
Let z(m) = -m**2 - 5*m - 2. Let s be z(-3). Let p(h) = 7*h + 2. Does 15 divide p(s)?
True
Suppose 0 = 2*b + 4 - 150. Suppose 5*l - s = 137, -4*l + 5*s + b = -45. Let a = l - -1. Is a a multiple of 8?
False
Let a be (-45)/10*(-16)/6. Suppose a = 2*c + c. Is c a multiple of 4?
True
Let r be (11 + -10)/((-1)/3). Is 17 a factor of (-255)/(-10)*(-2)/r?
True
Let c(m) = m**3 - 5*m**2 + 2*m - 5. Let g be c(5). Suppose f + 84 = g*f. Is f a multiple of 21?
True
Suppose 0 = -4*p - 9 + 1. Is 7 - (p + 0) - 1 a multiple of 4?
True
Let y(j) = -1 + 0*j**2 - 2 + 6*j**2 - 2*j. Let l be y(-4). Suppose -4*o + 2*f + 38 = -2*o, 0 = -5*o + 2*f + l. Is o a multiple of 8?
False
Suppose 4*o + 6*l = l + 57, -o + 5*l = -8. Suppose -w + 5*k + 4 = -3, -3*k - o = -w. Does 14 divide w?
False
Let g = 35 - 24. Let n = g + 4. Does 15 divide n?
True
Suppose 0*w - 3*w = p - 81, 4*p = 4*w + 340. Is 6 a factor of p?
True
Let h be (-1)/7 - 630/49. Let n = 26 + h. Is n a multiple of 13?
True
Let v(w) = -w**3 - 7*w**2 - 7*w - 3. Let q be v(-6). Let h = q + -6. Does 8 divide 27/2*(-4)/h?
False
Let r(j) = 6*j + 7. Let i be r(6). Suppose -a - 24 = -7. Let z = i + a. Is z a multiple of 13?
True
Let o be -2*(-20)/(-16)*4. Is 2 a factor of (-8)/6*45/o?
True
Suppose -4*i + 5*l + 27 = -73, -4*l + 24 = 2*i. Is 20 a factor of i?
True
Let p(f) = 67*f**2 - 5*f - 3. Does 3 divide p(-1)?
True
Suppose -4*i - 2*w = i, -5*w = 5*i - 15. Let m = -1 - i. Does 14 divide 12 - (-3 - (-2 + m))?
True
Is 12 a factor of ((-8)/12)/(-4 - 2302/(-576))?
True
Let x(q) = -7*q**2 - 7*q - 7. Let l(z) = z**2 + z. Let h(i) = -6*l(i) - x(i). Is 19 a factor of h(-6)?
False
Let o(j) be the first derivative of 5*j**2/2 - 1. Let f be o(-5). Is 13 a factor of (195/f)/(2/(-10))?
True
Let b = 31 + -15. Is b a multiple of 4?
True
Let d(b) = -b - 28. Let h be d(0). Let t be (h/(-12))/(2/(-48)). Let a = 80 + t. Does 12 divide a?
True
Let i(p) be the first derivative of 1/4*p**4 - 1/3*p**3 + 10*p - 1 + 0*p**2. Is 10 a factor of i(0)?
True
Let w(u) = 2*u**3 - 6*u**2 + 10*u. Is 31 a factor of w(5)?
False
Let r = 5 - -19. Does 12 divide r?
True
Let n be ((-6)/(-9))/(12/4878). Suppose l + 79 = 2*m - 27, l = 5*m - n. Is m a multiple of 11?
True
Let l = 4 - -28. Does 6 divide l/2 + (2 - 4)?
False
Let s(y) = 2*y - 6. Let v be s(4). Let t be (36*1)/4 - 3. Is 7 a factor of 20 - t/3 - v?
False
Suppose o + 69 + 85 = 2*f, -4*o - 160 = -2*f. Is f a multiple of 19?
True
Let g(y) = -y + 1. Let r(i) = -i - 3. Let x(p) = -2*g(p) + r(p). Suppose 0*q + 38 = 4*m - 2*q, -4*q = -2*m + 34. Is 2 a factor of x(m)?
True
Let w = -12 - -10. Is 3 a factor of (1 + w)*1 + 10?
True
Suppose 0 = -4*d + 3*m + 661, 5*d + 9*m - 800 = 4*m. Is 19 a factor of d?
False
Let m(d) = 12*d**2 - 11*d + 30. Is m(5) a multiple of 26?
False
Suppose 2*i - 157 = -5*y, -3*i - 5*y = -112 - 131. Is i a multiple of 17?
False
Let l(y) = 14*y**3 - 3*y**2 + y + 2. Let v be l(2). Suppose -i = -3*i - v. Let o = -3 - i. Is o a multiple of 19?
False
Let b(g) = 6*g - 4. Suppose 2*w - 2*t - 4 = 0, -w - 3*t = -10 - 8. Suppose -w*x - 2*s + 22 = -x, -4*x + 28 = -s. Is 17 a factor of b(x)?
False
Let y(s) = -s**3 - 3*s**2 - 2*s - 4. Does 21 divide y(-6)?
False
Let y = 44 - 25. Does 2 divide y?
False
Let d = 8 - 4. Suppose -4*t = a - 18, a = -a + d*t + 12. Is 3 a factor of a?
False
Let g(u) = 8*u**2 - 3 + 4*u + 4*u**3 - 12*u**2 + 1. Let h be g(3). Suppose -22 = 5*x - h. Does 11 divide x?
False
Let b(s) = -s + 6. Let f be b(3). Suppose 0 = -0*y - f*y. Let j(p) = -p**3 - p**2 - p + 49. Is 13 a factor of j(y)?
False
Suppose -5*g + 96 = o, 74 + 285 = 4*o - 5*g. Is o a multiple of 13?
True
Is 8/4 - -52 - -2 a multiple of 14?
True
Let h(d) be the second derivative of 5*d**3/3 - d**2/2 + 3*d. Let s be h(1). Suppose n - y - 2*y = -s, -3*y = -5*n + 15. Is n a multiple of 3?
True
Let v(j) = j**3 + 4*j**2 + 3*j + 1.